alculate the remainder when (-2 + 3)*(1 + 27) is divided by d.
8
Suppose w - 58 = 4*k - 1, -59 = -2*w - 3*k. What is the remainder when w is divided by 13?
11
Suppose -y - 9 + 29 = -2*p, y = -p + 5. Calculate the remainder when y is divided by 6.
4
Suppose 4 = 2*p - z - 1, 2*p + z + 5 = 0. Suppose 2*c + 6 + 6 = p. Calculate the remainder when 22 is divided by c/1*-2 + 0.
10
Let k be -1*3 + (7 - -1). Suppose b = 2*b - k, -5*p - 3*b = -155. What is the remainder when p is divided by 10?
8
Let l(t) = -2*t + 7. Let i be l(8). Calculate the remainder when 17 is divided by 30/(-4)*12/i.
7
Suppose -n - 5*x - 25 = 0, 0*n - x = -n + 5. Let j be (0 - (-1 + n))*1. Let w = j + 10. Calculate the remainder when 20 is divided by w.
9
Suppose 234 = 6*n - 0. Calculate the remainder when n is divided by (-18)/4*-2 + 1.
9
Suppose -2*x - 4*o = -190, 3*o + 185 = 3*x - 55. Suppose -5*s = -5*u - x, 0 = s + 3*u - 2 - 3. Calculate the remainder when 38 is divided by s.
10
Let m = -52 - -76. What is the remainder when 94 is divided by m?
22
Suppose -10*v = -84 - 76. Calculate the remainder when 76 is divided by v.
12
Let c(v) = 16*v - 3. Suppose 5*x = 11 - 1. What is the remainder when c(x) is divided by 8?
5
Suppose 4 + 96 = 5*b. What is the remainder when 58 is divided by b?
18
Let c(l) = -l**2 + 9*l + 10. Let k be c(10). Suppose 0 = -k*i + i - 4. Calculate the remainder when 22 is divided by i.
2
Let h = -118 - -123. What is the remainder when 102 is divided by h?
2
Let t be (-6)/(-15) + (-87)/5. Let u = -2 - t. What is the remainder when 44 is divided by u?
14
Suppose 2*p = -3*n + 121, -24 = 3*n + 5*p - 151. Calculate the remainder when n is divided by 7.
4
Suppose x = 6 + 2. Let a = x + 5. Calculate the remainder when a is divided by 5.
3
Let g(p) = -p - 6. Let v be g(-6). Suppose 3*j - 36 = -0*j - 3*h, -j - 3*h + 18 = v. What is the remainder when 0/(-1) - 0 - -26 is divided by j?
8
Let l = 3 - 0. Suppose l*a = 5*u + 22, 5*a - 3*u + 4*u = 18. Suppose a*h + 33 - 89 = 0. Calculate the remainder when 27 is divided by h.
13
Suppose -2*r = 3*r + 2*f - 60, 0 = r + f - 12. Suppose -3*j + 105 = 2*j. What is the remainder when j is divided by r?
9
Let q(o) = -o**3 - 4*o**2 + 4*o + 2. Let d be q(-4). Calculate the remainder when 2 - 1 - (2 + d) is divided by (20/(-6))/((-6)/9).
3
Let n = -41 + 59. What is the remainder when 143 is divided by n?
17
Suppose 0 = -4*r + 53 - 9. Let d = r + 1. What is the remainder when 34 is divided by d?
10
Suppose -c - b + 16 = 2*c, -2*c = 2*b - 8. Calculate the remainder when (-19 + -1)*(-1)/2 is divided by c.
4
Let c be (-8 + 0)*2/(-4). Suppose -4*p = 8, 0*k - 126 = -c*k + p. Calculate the remainder when k is divided by 17.
14
Let r = -2 - -5. Suppose -46 = -r*m + 14. What is the remainder when m is divided by -1 + 1 - 11/(-1)?
9
Let s be (3/6)/(2/8). Suppose 2*y - 92 = -s*y. Calculate the remainder when y is divided by (1/(-2))/(113/(-16) - -7).
7
Let g = -60 + 108. What is the remainder when g is divided by 17?
14
Let m = -4 - -6. What is the remainder when 43 is divided by m/((-1)/(11/(-2)))?
10
Let i(s) = -s**3 + s**2 - s + 16. Calculate the remainder when i(-4) is divided by 34.
32
Let o(g) = g + 2. Let w be o(0). Suppose -160 = -2*z - w*z. What is the remainder when z is divided by 21?
19
Suppose -4*f = -3*d - 60, 2*f - 16 - 12 = d. Let t = f + -6. Calculate the remainder when t is divided by 5.
1
Let k(x) = 2*x**2 + 3*x. Let h be k(-4). Let r be 3/2*h/6. Suppose -55 = -5*d + r. Calculate the remainder when 23 is divided by d.
11
Let j = -13 - -15. Let w(g) = 10*g - 3. What is the remainder when w(j) is divided by 5?
2
Let i = -90 - -93. Calculate the remainder when 3 is divided by i.
0
What is the remainder when 138 is divided by (-12)/8*(146/(-6) - -1)?
33
Let q be (-4)/(-6)*27/(-6). Let y(s) = s**3 + 7*s**2 + s + 3. What is the remainder when y(q) is divided by 13?
10
Let g = -31 + 41. What is the remainder when g is divided by 7?
3
Suppose 1 = b - 48. Calculate the remainder when b is divided by 17.
15
Let d(t) = -2*t**3 - 4*t**2 - 6*t - 7. What is the remainder when d(-3) is divided by 17?
12
Suppose -2*s - 53 = -3*p, 0 = -3*p - 4*s - 15 + 62. Calculate the remainder when 61 is divided by p.
10
Let h be (0 + 0)/(-1) + 180. Suppose -4*k + o + h = 0, k - 135 = -2*k - o. Calculate the remainder when k is divided by 12.
9
Let u(a) = -8*a - 8. Let l be u(7). Calculate the remainder when 4 + 4/(-2) - l is divided by 17.
15
Let a(u) be the second derivative of u**3/3 + u**2 + 4*u. Let n be a(2). Calculate the remainder when 0 + (-15)/n*-2 is divided by 2.
1
Let c(k) = 3*k + 3. Let d be c(7). Suppose -y - t + d = 2*t, -2 = 2*y - 4*t. What is the remainder when 16 is divided by y?
7
Suppose 2*t + 24 = 3*t. What is the remainder when t is divided by 9?
6
Calculate the remainder when ((-52)/16 - -2)*-108 is divided by 28.
23
Let c = -9 + 6. Let g = 3 - -6. Let f = g - c. Calculate the remainder when 35 is divided by f.
11
Let t be (-56)/(-26) + (-10)/65. Let a(o) = 5*o**3 + 2*o**2 - 4*o + 3. Calculate the remainder when a(t) is divided by 11.
10
Let n(m) = 4*m + 2. Let t be (-3)/(3/12 + -1). Let g(q) = q**3 - 7*q**2 + 6*q + 7. What is the remainder when n(t) is divided by g(6)?
4
Let o = -14 + 22. Let r(k) = 2*k**2 - 13*k + 10. Calculate the remainder when r(o) is divided by 12.
10
Let b be (1/(-2) + 0)*14. Let a = -3 - b. Calculate the remainder when 2/a*76/2 is divided by 10.
9
Let a = -9 + -1. Let p = a - -8. Let k = 10 - p. What is the remainder when 34 is divided by k?
10
Let k = 332 - 216. What is the remainder when k is divided by 30?
26
Let u be (-1*1)/(3/(-21)). Let g = u + 7. Calculate the remainder when 122/3 - 4/6 is divided by g.
12
Let n = -18 - -47. Suppose -61 = -2*m + b, -m - b = -2*b - n. What is the remainder when m is divided by 11?
10
Let l(u) = -10*u - 14. Suppose a - 6 = -22. What is the remainder when l(-6) is divided by (-1 - -1 - a) + 0?
14
What is the remainder when 25 is divided by (-83)/(-9) - 24/108?
7
Suppose -3*l + 5*q + 234 = 0, -3*l - 3*q - 3 = -261. Calculate the remainder when l is divided by 17.
15
Suppose 2*p - 6 = -26. Let y = 13 + p. Calculate the remainder when 5 is divided by y.
2
Calculate the remainder when 9 is divided by -6*(0 + (-4)/8).
0
Let a(t) = t - 1. Let i be a(3). Suppose -56 = -4*c - i*m - 3*m, -31 = -c + 3*m. Calculate the remainder when 55 is divided by c.
17
Suppose f - 1 - 6 = k, -k - 2*f = -8. Let v = k - 3. Let g = 7 - v. What is the remainder when g is divided by 7?
5
Suppose 0 = -3*z + 4*z - 5. Let y = z + -4. Suppose y - 81 = -5*r. What is the remainder when r is divided by 9?
7
Let n(t) be the first derivative of -t**3/3 - 5*t**2/2 - 4*t - 8. What is the remainder when n(-3) is divided by 2?
0
Let k = 7 - 1. Suppose -3*h + 21 = 2*w, 2*h + 0 = w + 7. Calculate the remainder when k is divided by w.
0
Let c be 1*0/(-1)*1. Let z(y) = y + 5*y**3 + 0*y + 0*y - 6*y**3 + 30. What is the remainder when z(c) is divided by 16?
14
Let n = 12 + -10. Calculate the remainder when 58 is divided by 25/10*16/n.
18
Let l = -3 - 3. Let t = -9 - l. What is the remainder when (t + -3)/((-4)/6) is divided by 5?
4
Let t(m) = 4*m**2 + 15*m - 3. Calculate the remainder when 3 is divided by t(-4).
0
Let t(r) = -r**3 + 54. Let j be t(0). Suppose -3*d = 3*q - 57, 4*q - q + 4*d - j = 0. What is the remainder when 87 is divided by q?
21
Let h(r) = 8*r - 25. What is the remainder when h(6) is divided by 11?
1
Let y = -4 + 13. Let u(r) = -r - 1. Let d(x) = 3*x**2 + 4*x + 6. Let a(f) = d(f) + 6*u(f). What is the remainder when a(-2) is divided by y?
7
Let k = -6 - -9. Suppose 5*r - 185 = -4*y, -k*r + 2*r - 2*y = -43. What is the remainder when r is divided by 9?
6
Suppose h + 687 = 5*o - 0, -3*o = 2*h - 407. Let b = o - 93. Suppose 5*q - 2*u - b = 0, 37 = 4*q - u + 3. What is the remainder when q is divided by 5?
3
Let a = 108 - 97. Suppose -f + 2*f - 30 = 0. Calculate the remainder when f is divided by a.
8
Let d(t) = -5*t - 2. Let s(g) = -6*g - 3. Let l be (-1*3)/6*-4. Let m(p) = l*s(p) - 3*d(p). Calculate the remainder when 17 is divided by m(2).
5
Let f = -3 - -19. What is the remainder when 62 is divided by f?
14
Suppose -6*w = -5*w - 12. What is the remainder when 0 + (1 + 35 - 1) is divided by w?
